{"id":882,"date":"2024-09-07T12:14:31","date_gmt":"2024-09-07T12:14:31","guid":{"rendered":"https:\/\/csillaggyermek.hu\/?page_id=882"},"modified":"2024-10-06T11:04:27","modified_gmt":"2024-10-06T11:04:27","slug":"csillaggyermek-csillagfiu-es-az-elveszett-kiralysag","status":"publish","type":"page","link":"https:\/\/csillaggyermek.hu\/index.php\/csillaggyermek-csillagfiu-es-az-elveszett-kiralysag\/","title":{"rendered":"Csillaggyermek-Csillagfi\u00fa \u00e9s az elveszett kir\u00e1lys\u00e1g"},"content":{"rendered":"\n<p><a href=\"https:\/\/616995.myshoptet.com\/\" target=\"_blank\" rel=\"noreferrer noopener nofollow\"><strong><mark style=\"background-color:#E4D1D1\" class=\"has-inline-color has-black-color\">Megrendelem<\/mark><\/strong><\/a><a href=\"https:\/\/616995.myshoptet.com\/\"><strong><mark style=\"background-color:#E4D1D1\" class=\"has-inline-color has-black-color\">\u2026<\/mark><\/strong><\/a><\/p>\n\n\n\n<figure class=\"wp-block-image size-large\"><img loading=\"lazy\" decoding=\"async\" width=\"959\" height=\"1024\" src=\"https:\/\/csillaggyermek.hu\/wp-content\/uploads\/2024\/09\/csillagfiu_jo_1-transformed-959x1024.png\" alt=\"\" class=\"wp-image-880\" srcset=\"https:\/\/csillaggyermek.hu\/wp-content\/uploads\/2024\/09\/csillagfiu_jo_1-transformed-959x1024.png 959w, https:\/\/csillaggyermek.hu\/wp-content\/uploads\/2024\/09\/csillagfiu_jo_1-transformed-281x300.png 281w, https:\/\/csillaggyermek.hu\/wp-content\/uploads\/2024\/09\/csillagfiu_jo_1-transformed-768x820.png 768w, https:\/\/csillaggyermek.hu\/wp-content\/uploads\/2024\/09\/csillagfiu_jo_1-transformed-1438x1536.png 1438w, https:\/\/csillaggyermek.hu\/wp-content\/uploads\/2024\/09\/csillagfiu_jo_1-transformed-1918x2048.png 1918w, https:\/\/csillaggyermek.hu\/wp-content\/uploads\/2024\/09\/csillagfiu_jo_1-transformed-1568x1675.png 1568w\" sizes=\"auto, (max-width: 959px) 100vw, 959px\" \/><\/figure>\n\n\n\n<p>K\u00f6zel k\u00e9t \u00e9v telt el az\u00f3ta, hogy a Hetedh\u00e9t Kir\u00e1lys\u00e1gb\u00f3l elt\u0171ntek a sz\u00ednek, sz\u00fcrke k\u00f3rs\u00e1g puszt\u00edtotta az orsz\u00e1got, Csillagfi\u00fa pedig elhat\u00e1rozta, hogy k\u00fcl\u00f6nleges k\u00e9pess\u00e9g\u00e9vel megmenti a vil\u00e1g\u00e1t. Szembesz\u00e1llt a Mandrag\u00f3ra Boszork\u00e1kkal, az \u00c1rnyakkal \u00e9s v\u00e9g\u00fcl a Gonosz Nagy\u00farral is. Hogy mik\u00e9nt siker\u00fclt gy\u0151znie, megtudhatj\u00e1tok a Csillaggyermek-Csillagfi\u00fa az elt\u0171nt sz\u00ednek nyom\u00e1ban c\u00edm\u0171, els\u0151 k\u00f6tetben. Olvass\u00e1tok el!<\/p>\n\n\n\n<p>Ebben, a m\u00e1sodik t\u00f6rt\u00e9netben Csillagfi\u00fa id\u0151sebb egy kicsit, s a kaland, amibe az elveszett kir\u00e1lys\u00e1g ut\u00e1n kutatva keveredik, vesz\u00e9lyesebb is. Miut\u00e1n meghallgatja a titokzatos kir\u00e1lys\u00e1g t\u00f6rt\u00e9net\u00e9t, az ez\u00fcst haj\u00fa fi\u00fa gondolataiban megjelenik Atlantisz elfeledett vil\u00e1ga, ahonnan egy seg\u00e9lyki\u00e1lt\u00e1st hall, ami csak neki sz\u00f3l. A ki\u00e1lt\u00e1s egyre t\u00f6bbsz\u00f6r hangzik fel az elm\u00e9j\u00e9ben, \u00edgy elhat\u00e1rozza, hogy felkutatja, honnan ered \u00e9s seg\u00edts\u00e9g\u00e9re siet annak, aki sz\u00f3l\u00edtja. Csillagfi\u00fa sok titokra der\u00edt f\u00e9nyt \u00e9s sz\u00e1mos pr\u00f3bat\u00e9telen \u00e1t meg\u00e9rkezik a rejt\u00e9lyes kir\u00e1lys\u00e1gba, amelynek nev\u00e9t f\u00e9lve ejtik ki a Hetedh\u00e9t Kir\u00e1lys\u00e1gban. Vajon mit tal\u00e1l ott, Vil\u00e1gok Perem\u00e9n \u00e9s csillagereje elegend\u0151 lesz-e ahhoz, hogy Atlantisz n\u00e9p\u00e9t \u00e9s a seg\u00e9lyk\u00e9r\u00e9st k\u00fcld\u0151 Vil\u00e1gsz\u00e9p Le\u00e1nyt megmentse?<\/p>\n\n\n\n<figure class=\"wp-block-image size-large\"><img loading=\"lazy\" decoding=\"async\" width=\"1024\" height=\"726\" src=\"https:\/\/csillaggyermek.hu\/wp-content\/uploads\/2024\/09\/Csillaggyermek_II_borito-1-1024x726.jpg\" alt=\"\" class=\"wp-image-885\" srcset=\"https:\/\/csillaggyermek.hu\/wp-content\/uploads\/2024\/09\/Csillaggyermek_II_borito-1-1024x726.jpg 1024w, https:\/\/csillaggyermek.hu\/wp-content\/uploads\/2024\/09\/Csillaggyermek_II_borito-1-300x213.jpg 300w, https:\/\/csillaggyermek.hu\/wp-content\/uploads\/2024\/09\/Csillaggyermek_II_borito-1-768x544.jpg 768w, https:\/\/csillaggyermek.hu\/wp-content\/uploads\/2024\/09\/Csillaggyermek_II_borito-1.jpg 1205w\" sizes=\"auto, (max-width: 1024px) 100vw, 1024px\" \/><\/figure>\n\n\n\n<p>Az \u00faj mesek\u00f6nyv megrendelhet\u0151 a megrendeles@csillaggyermek.hu c\u00edmen, vagy a webspohb\u00f3l.<\/p>\n\n\n\n<p><\/p>\n\n\n\n<p><\/p>\n","protected":false},"excerpt":{"rendered":"<p>Megrendelem\u2026 K\u00f6zel k\u00e9t \u00e9v telt el az\u00f3ta, hogy a Hetedh\u00e9t Kir\u00e1lys\u00e1gb\u00f3l elt\u0171ntek a sz\u00ednek, sz\u00fcrke k\u00f3rs\u00e1g puszt\u00edtotta az orsz\u00e1got, Csillagfi\u00fa pedig elhat\u00e1rozta, hogy k\u00fcl\u00f6nleges k\u00e9pess\u00e9g\u00e9vel megmenti a vil\u00e1g\u00e1t. Szembesz\u00e1llt a Mandrag\u00f3ra Boszork\u00e1kkal, az \u00c1rnyakkal \u00e9s v\u00e9g\u00fcl a Gonosz Nagy\u00farral is. Hogy mik\u00e9nt siker\u00fclt gy\u0151znie, megtudhatj\u00e1tok a Csillaggyermek-Csillagfi\u00fa az elt\u0171nt sz\u00ednek nyom\u00e1ban c\u00edm\u0171, els\u0151 k\u00f6tetben. Olvass\u00e1tok&hellip; <a class=\"more-link\" href=\"https:\/\/csillaggyermek.hu\/index.php\/csillaggyermek-csillagfiu-es-az-elveszett-kiralysag\/\"><span class=\"screen-reader-text\">Csillaggyermek-Csillagfi\u00fa \u00e9s az elveszett kir\u00e1lys\u00e1g<\/span> olvas\u00e1s\u00e1nak folytat\u00e1sa<\/a><\/p>\n","protected":false},"author":1,"featured_media":0,"parent":0,"menu_order":0,"comment_status":"closed","ping_status":"closed","template":"","meta":{"footnotes":""},"class_list":["post-882","page","type-page","status-publish","hentry","entry"],"_links":{"self":[{"href":"https:\/\/csillaggyermek.hu\/index.php\/wp-json\/wp\/v2\/pages\/882","targetHints":{"allow":["GET"]}}],"collection":[{"href":"https:\/\/csillaggyermek.hu\/index.php\/wp-json\/wp\/v2\/pages"}],"about":[{"href":"https:\/\/csillaggyermek.hu\/index.php\/wp-json\/wp\/v2\/types\/page"}],"author":[{"embeddable":true,"href":"https:\/\/csillaggyermek.hu\/index.php\/wp-json\/wp\/v2\/users\/1"}],"replies":[{"embeddable":true,"href":"https:\/\/csillaggyermek.hu\/index.php\/wp-json\/wp\/v2\/comments?post=882"}],"version-history":[{"count":8,"href":"https:\/\/csillaggyermek.hu\/index.php\/wp-json\/wp\/v2\/pages\/882\/revisions"}],"predecessor-version":[{"id":894,"href":"https:\/\/csillaggyermek.hu\/index.php\/wp-json\/wp\/v2\/pages\/882\/revisions\/894"}],"wp:attachment":[{"href":"https:\/\/csillaggyermek.hu\/index.php\/wp-json\/wp\/v2\/media?parent=882"}],"curies":[{"name":"wp","href":"https:\/\/api.w.org\/{rel}","templated":true}]}}