{"id":836,"date":"2024-07-26T17:26:12","date_gmt":"2024-07-26T17:26:12","guid":{"rendered":"https:\/\/csillaggyermek.hu\/?page_id=836"},"modified":"2024-10-06T13:59:58","modified_gmt":"2024-10-06T13:59:58","slug":"digitalis-mesek","status":"publish","type":"page","link":"https:\/\/csillaggyermek.hu\/index.php\/digitalis-mesek\/","title":{"rendered":"Digit\u00e1lis mes\u00e9k"},"content":{"rendered":"\n<p><strong>Csillaggyermek &#8211; Csillagfi\u00fa \u00e9s Szent L\u0151rinc k\u00f6nnyei<\/strong><\/p>\n\n\n\n<p>Csillagfi\u00fa azon a f\u0171szeres illat\u00fa ny\u00e1r\u00e9jszak\u00e1n \u00e9ppen az \u00e9desapja hatalmas, csendes k\u00f6nyvt\u00e1r\u00e1ban lapozgatott k\u00e9nyelmes karossz\u00e9k\u00e9ben egy sz\u00ednes k\u00e9pekkel teli k\u00f6nyvet a F\u00f6ld \u00e1llatair\u00f3l, amikor az ablakon kitekintve F\u00e1jdalmat pillantotta meg iparkodni valamerre. A h\u00f3na alatt \u00f6sszehajtott valamit vitt, a karj\u00e1n pedig egy fonott kos\u00e1r l\u00f3gott.<\/p>\n\n\n\n<figure class=\"wp-block-image size-large\"><img loading=\"lazy\" decoding=\"async\" width=\"1024\" height=\"585\" src=\"https:\/\/csillaggyermek.hu\/wp-content\/uploads\/2024\/07\/451510561_1426032598112886_1585547443848685986_n-1024x585.jpg\" alt=\"\" class=\"wp-image-847\" srcset=\"https:\/\/csillaggyermek.hu\/wp-content\/uploads\/2024\/07\/451510561_1426032598112886_1585547443848685986_n-1024x585.jpg 1024w, https:\/\/csillaggyermek.hu\/wp-content\/uploads\/2024\/07\/451510561_1426032598112886_1585547443848685986_n-300x171.jpg 300w, https:\/\/csillaggyermek.hu\/wp-content\/uploads\/2024\/07\/451510561_1426032598112886_1585547443848685986_n-768x439.jpg 768w, https:\/\/csillaggyermek.hu\/wp-content\/uploads\/2024\/07\/451510561_1426032598112886_1585547443848685986_n-1536x878.jpg 1536w, https:\/\/csillaggyermek.hu\/wp-content\/uploads\/2024\/07\/451510561_1426032598112886_1585547443848685986_n-1568x896.jpg 1568w, https:\/\/csillaggyermek.hu\/wp-content\/uploads\/2024\/07\/451510561_1426032598112886_1585547443848685986_n.jpg 1792w\" sizes=\"auto, (max-width: 1024px) 100vw, 1024px\" \/><\/figure>\n\n\n\n<p>Csillagfi\u00fa az ablakhoz l\u00e9pett. Alkonyodott, a Nap \u00e9ppen lebukott a Tetejetlen Torony m\u00f6g\u00f6tt, r\u00f3zsasz\u00ednes, lil\u00e1s k\u00f6dbe burkolva a l\u00e1t\u00f3hat\u00e1rt. Ahogy ott \u00e1llt, az ablakb\u00f3l m\u00e1sokat is \u00e9szrevett az ez\u00fcsthaj\u00fa gyermek, akik a torony melletti dombra kapaszkodtak fel. Mindannyian k\u00fcl\u00f6nf\u00e9le holmikat cipeltek magukkal.<\/p>\n\n\n\n<p>&#8211; Valami t\u00f6rt\u00e9nik odakinn! Megn\u00e9zem, mi az! &#8211; k\u00f6z\u00f6lte elhat\u00e1roz\u00e1s\u00e1t Csillagfi\u00fa az \u00e9desapj\u00e1val, aki \u00e9ppen csak feln\u00e9zett szem\u00fcvege felett \u00e9s j\u00f3v\u00e1hagy\u00f3lag intett gyermek\u00e9nek, miel\u0151tt lapozott volna a vaskos k\u00f6nyvben, amit olvasott.<\/p>\n\n\n\n<p>Csillagfi\u00fa k\u00edv\u00e1ncsis\u00e1ggal telve nyargalt fel a dombtet\u0151re. Ott azt\u00e1n meglepet\u00e9s\u00e9re egy\u00fctt tal\u00e1lta a bar\u00e1tait: F\u00e1jdalmat, Kat\u00e1t \u00e9s a testv\u00e9reit \u00e9s m\u00e9g n\u00e9h\u00e1ny ismer\u0151s gyermeket. Pokr\u00f3cra telepedve, halkan besz\u00e9lgettek. Mindenki hozott valami finoms\u00e1got, \u00fcvegekben italokat \u00e9s apr\u00f3 l\u00e1mp\u00e1sokat, mintha sok id\u0151t akarn\u00e1nak a ny\u00e1ri \u00e9jszak\u00e1ban t\u00f6lteni. Csillagfi\u00fa lehuppant mell\u00e9j\u00fck.<\/p>\n\n\n\n<p>&#8211; Mi t\u00f6rt\u00e9nik itt \u00e9s engem mi\u00e9rt nem h\u00edvtatok? &#8211; k\u00e9rdezte kiss\u00e9 megb\u00e1nt\u00f3dva.<\/p>\n\n\n\n<p>&#8211; H\u00e1\u00e1\u00e1t, nem gondoltuk, hogy ez \u00e9rdekel t\u00e9ged \u2013 h\u00fazta a sz\u00f3t F\u00e1jdalom, hogy id\u0151t nyerjen, mert nem igaz\u00e1n tudta, hogyan is mondja el, mi\u00e9rt gy\u0171ltek \u00f6ssze a Tetejetlen Torony t\u00f6v\u00e9ben.<\/p>\n\n\n\n<p>&#8211; Val\u00f3j\u00e1ban nem tudtuk, mit gondolsz err\u0151l \u00e9s nem akartuk, hogy b\u00e1natos legy\u00e9l \u2013 simogatta meg a karj\u00e1t Kata.<\/p>\n\n\n\n<p>&#8211; B\u00e1natos? De mi\u00e9rt? &#8211; \u00e9rtetlenkedett Csillagfi\u00fa.<\/p>\n\n\n\n<p>&#8211; H\u00e1t mert csillaghull\u00e1s ideje van! A hull\u00f3 csillagokban gy\u00f6ny\u00f6rk\u00f6d\u00fcnk ma \u00e9jjel \u2013 b\u00f6kte ki a kisl\u00e1ny.<\/p>\n\n\n\n<p>&#8211; Csillaghull\u00e1\u00e1\u00e1\u00e1\u00e1s? Lehullanak a csillagok az \u00c9gr\u0151l? &#8211; ugrott talpra Csillagfi\u00fa r\u00e9m\u00fclten. A sz\u00edve \u00f6ssze-vissza vert.<\/p>\n\n\n\n<p>&#8211; Persze. Ez minden \u00e9vben megt\u00f6rt\u00e9nik. M\u00e9g t\u00e9nyleg soha nem hallott\u00e1l r\u00f3la? &#8211; k\u00e9rdezte sajn\u00e1lkozva Kata \u00e9s \u00e9rtetlen\u00fcl n\u00e9zett F\u00e1jdalomra, aki imm\u00e1r harmadszor r\u00fagta bok\u00e1n, hogy figyelmeztesse, legyen egy kicsit egy\u00fctt\u00e9rz\u0151bb.<\/p>\n\n\n\n<p>De Csillagfi\u00fa alig hallotta m\u00e1r. Futott, ahogyan a l\u00e1ba b\u00edrta, eg\u00e9szen a n\u00e9ne h\u00e1zik\u00f3j\u00e1ig. T\u00fcrelmetlen\u00fcl d\u00f6r\u00f6mb\u00f6lt a vastag t\u00f6lgyfaajt\u00f3n.<\/p>\n\n\n\n<p>&#8211; Na h\u00e1t, mi olyan s\u00fcrg\u0151s, hogy sz\u00e9t kell verni miatta a h\u00e1zat? \u2013 m\u00e9ltatlankodott a n\u00e9ne, de Csillagfi\u00fa most nem t\u00f6r\u0151d\u00f6tt a zs\u00f6rt\u00f6l\u0151d\u00e9s\u00e9vel. Megragadta a kez\u00e9t \u00e9s k\u00e9ts\u00e9gbeesetten hadarta:<\/p>\n\n\n\n<p>&#8211; Nagy baj t\u00f6rt\u00e9nik ma! A csillagok lezuhannak az \u00c9gr\u0151l! &#8211; m\u00e9g kimondania is f\u00e1jdalmas volt.<\/p>\n\n\n\n<p>&#8211; \u00d3, h\u00e1t arra gondolsz! Id\u00e9n nem utaztatok el a sz\u00fcleiddel a messzi \u00c9szakra, ahogy szoktatok? Hiszen ilyenkor m\u00e1r a J\u00e9g\u00f3ri\u00e1sok birodalm\u00e1ban lenne a helyetek! Az \u00f6r\u00f6k h\u00f3 \u00e9s j\u00e9g birodalm\u00e1ban, ahol a sz\u00fcrke felh\u0151k gondosan takarj\u00e1k az \u00e9gboltot \u00e9jjel-nappal &#8211; morfond\u00edrozott a n\u00e9ne, mik\u00f6zben apr\u00f3, sz\u00ednes fiol\u00e1t vett el\u0151, megragadta Csillagfi\u00fa kez\u00e9t \u00e9s a tenyer\u00e9be \u00f6nt\u00f6tt bel\u0151le p\u00e1r cseppet.<\/p>\n\n\n\n<p>&#8211; Id\u00e9n nem ment\u00fcnk, mert \u00e9desanya a testv\u00e9r\u00e9t \u00e1polja. \u00c9desapa pedig belefeledkezett egy vaskos k\u00f6nyv\u00e9be &#8211; k\u00f6z\u00f6lte Csillagf\u00fa m\u00e9g mindig zakatol\u00f3 sz\u00edvvel.<\/p>\n\n\n\n<p>&#8211; Tess\u00e9k! Nyugodj meg! A csillagok ott vannak most is, ahol mindig. \u00c9ppen \u00fagy, ahogyan hagytad \u0151ket, miel\u0151tt a F\u00f6ldre \u00e9rkezt\u00e9l.<\/p>\n\n\n\n<p>Amint a k\u00e9k sz\u00edn\u0171, illatos szer hatni kezdett, Csillagfi\u00fat el\u00f6nt\u00f6tte a b\u00e9ke \u00e9s meggy\u0151z\u0151d\u00e9s, hogy val\u00f3ban minden rendben lesz.<\/p>\n\n\n\n<p>&#8211; Az \u00e9gi jelens\u00e9get, ami ma t\u00f6rt\u00e9nik, de val\u00f3j\u00e1ban m\u00e1r hetek \u00f3ta tart, az emberek csillaghull\u00e1snak nevezik \u2013 fogott bele mondand\u00f3j\u00e1ba a n\u00e9ne. &#8211; \u00c9n jobb szeretem Szent L\u0151rinc k\u00f6nnyeinek h\u00edvni \u0151ket \u00e9s most elmondom neked az igaz t\u00f6rt\u00e9net\u00e9t!<\/p>\n\n\n\n<p>L\u0151rinc atya a J\u00f3 szolg\u00e1lat\u00e1ban \u00e1llt, eg\u00e9sz \u00e9let\u00e9t a szeg\u00e9nyek \u00e9s a betegek megseg\u00edt\u00e9s\u00e9nek szentelte. Az Angyalok szeretete \u00e9s t\u00e1mogat\u00e1sa k\u00eds\u00e9rte, ami\u00e9rt ilyen j\u00e1mbor \u00e9s j\u00f3sz\u00edv\u0171 volt \u00e9s jutalmul az elv\u00e9gzett \u00f6nzetlen munk\u00e1j\u00e1\u00e9rt, gy\u00f3gy\u00edt\u00f3 er\u0151vel ruh\u00e1zt\u00e1k fel \u0151t. L\u0151rinc szeretete kincseit osztotta sz\u00e9t az emberek k\u00f6z\u00f6tt, meggy\u00f3gy\u00edtva \u0151ket a bajaikb\u00f3l, s m\u00e1st sem k\u00e9rt cser\u00e9be, mint hogy legyenek \u0151k is j\u00f3k.<\/p>\n\n\n\n<p>A mindig lesben \u00e1ll\u00f3 Gonosz azonban csak a kincsek sz\u00f3t \u00e9rtette meg abb\u00f3l, amir\u0151l L\u0151rinc atya besz\u00e9lt \u00e9s irigy lett r\u00e1. Mag\u00e1nak akarta a kincseket. Elfogta h\u00e1t a bar\u00e1tot \u00e9s gy\u00f6t\u00f6rni kezdte, hogy kiszedje bel\u0151le a dr\u00e1gas\u00e1gokat. L\u0151rinc v\u00e9g\u00fcl megmutatta a kincseit: a b\u00e9n\u00e1kat, a vakokat, az elesetteket, akiket csod\u00e1latos m\u00f3don meggy\u00f3gy\u00edtott.<\/p>\n\n\n\n<p>A Gonosz ekkor haragra gerjedt, hogy L\u0151rinc megcs\u00fafolja \u0151t \u00e9s m\u00e9g jobban k\u00ednozta: azzal fenyegette, hogy t\u0171zzel \u00e9geti a test\u00e9t egy eg\u00e9sz \u00e9jjelen \u00e1t. L\u0151rinc azonban b\u00e1tor volt \u00e9s azt v\u00e1laszolta a Gonosznak, hogy sz\u00e1m\u00e1ra kedves a t\u0171z, mert az a szeretet t\u00fcze, ami megvil\u00e1g\u00edtja a legs\u00f6t\u00e9tebb \u00e9jszak\u00e1t is. A hite megv\u00e9dte L\u0151rincet a f\u00e1jdalomt\u00f3l, fel sem vette, amit a test\u00e9vel tenni akartak.<\/p>\n\n\n\n<p>Az \u00c9giekhez foh\u00e1szkodott, de nem saj\u00e1t mag\u00e9rt, hanem azok\u00e9rt, akik b\u00e1ntott\u00e1k \u0151t \u00e9s azok\u00e9rt, akik sehogy sem tudtak j\u00f3k lenni. K\u00f6nnyei patakzottak az arc\u00e1n.<\/p>\n\n\n\n<p>Az Angyalok v\u00e9g\u00fcl megel\u00e9gelt\u00e9k a Gonosz tetteit \u00e9s megszabad\u00edtva, magukhoz emelt\u00e9k L\u0151rincet. Mik\u00f6zben az \u00c9g fel\u00e9 tartott, L\u0151rinc k\u00f6nnyei m\u00e9g egyre hullottak. Ahogy magasabbra \u00e9rt, a k\u00f6nnyek a F\u00f6ld felett l\u00e1ngra lobbantak egy szemhuny\u00e1snyi id\u0151re, miel\u0151tt elt\u0171ntek.<\/p>\n\n\n\n<p>&#8211; A F\u00f6ldr\u0151l L\u0151rinc ez\u00fcst\u00f6s k\u00f6nnyeit \u00fagy l\u00e1tjuk, mintha a csillagok lefel\u00e9 tartan\u00e1nak az \u00c9gboltr\u00f3l. Amint felragyognak, az emberek valami sz\u00e9pet \u00e9s j\u00f3t k\u00edv\u00e1nnak, miel\u0151tt a f\u00e9ny\u00fck kihunyna. Az Angyalok \u00edgy eml\u00e9keznek L\u0151rincre \u00e9s ezzel veszik r\u00e1 az embereket, hogy a fej\u00fcket az \u00c9g fel\u00e9 ford\u00edts\u00e1k \u00e9s a sz\u00e9pre, a j\u00f3ra gondoljanak. A sz\u00edv\u00fck megtelik rem\u00e9nnyel \u00e9s szeretettel. Minden \u00e9vben megkapj\u00e1k ezt az aj\u00e1nd\u00e9kot az Angyalokt\u00f3l.<\/p>\n\n\n\n<p>&#8211; \u00d3, milyen sz\u00e9p \u2013 s\u00f3hajtott megk\u00f6nnyebb\u00fclve Csillagfi\u00fa \u00e9s elgondolkodva n\u00e9zte, ahogy a n\u00e9ne imm\u00e1r a konyh\u00e1ban s\u00fcr\u00f6g-forog. Az \u00f6regasszony fekete kand\u00farja k\u00edv\u00e1ncsian szagl\u00e1szta mit pakolgat egy nagy asztalkend\u0151be olyan szorgosan.<\/p>\n\n\n\n<p>Azt\u00e1n egy kosarat tett Csillagfi\u00fa el\u00e9.<\/p>\n\n\n\n<p>&#8211; No eredj: a bar\u00e1taid m\u00e1r biztosan agg\u00f3dnak miattad! Csak az\u00e9rt nem h\u00edvtak eddig csillaghull\u00e1st n\u00e9zni, mert f\u00e9ltek, hogy a lehull\u00f3 csillagok l\u00e1tv\u00e1nya f\u00e1jdalmat okoz neked. A sz\u00fcleid is ez\u00e9rt utaztak el veled minden \u00e9vben ny\u00e1r derek\u00e1n. De te most m\u00e1r tudod az igazs\u00e1got. Tess\u00e9k: egy kis mad\u00e1rl\u00e1tta kal\u00e1cs, tej \u00e9s aszalt gy\u00fcm\u00f6lcs. Csatlakozz a bar\u00e1taidhoz \u00e9s sz\u00e1molj\u00e1tok meg, ki l\u00e1t t\u00f6bb hull\u00f3 csillagot! \u2013 ny\u00fajtotta az uzsonn\u00e1s kosarat az imm\u00e1r mosolyg\u00f3 Csillagfi\u00fanak.<\/p>\n\n\n\n<p>Az ez\u00fcsthaj\u00fa gyermek k\u00f6nny\u0171 sz\u00edvvel nyargalt vissza a Tetejetlen Toronyhoz.<\/p>\n\n\n\n<p>&#8211; H\u00e1t itt vagy! &#8211; \u00f6lelte \u00e1t F\u00e1jdalom a bar\u00e1tj\u00e1t, s abban a percben Kata \u00e9s a t\u00f6bbiek is csatlakoztak hozz\u00e1. \u201eKicsi a rak\u00e1s!\u201d \u2013 ki\u00e1ltott\u00e1k \u00e9s hangosan nevetve birk\u00f3ztak a h\u0171v\u00f6s f\u0171ben.<\/p>\n\n\n\n<p>Azt\u00e1n egym\u00e1shoz simulva b\u00e1mult\u00e1k az \u00c9gen felt\u0171n\u0151 f\u00e9nyeket. A k\u00edv\u00e1ns\u00e1g\u00e1t senki nem mondta ki, de Csillagfi\u00fa \u00e9rezte, hogy a sz\u00edv\u00fcket bet\u00f6lti a szeretet \u00e9s a bizakod\u00e1s.<\/p>\n\n\n\n<figure class=\"wp-block-image size-full\"><img loading=\"lazy\" decoding=\"async\" width=\"1024\" height=\"1024\" src=\"https:\/\/csillaggyermek.hu\/wp-content\/uploads\/2024\/07\/450355155_1221449335701778_2840282230236081365_n.jpg\" alt=\"\" class=\"wp-image-848\" srcset=\"https:\/\/csillaggyermek.hu\/wp-content\/uploads\/2024\/07\/450355155_1221449335701778_2840282230236081365_n.jpg 1024w, https:\/\/csillaggyermek.hu\/wp-content\/uploads\/2024\/07\/450355155_1221449335701778_2840282230236081365_n-300x300.jpg 300w, https:\/\/csillaggyermek.hu\/wp-content\/uploads\/2024\/07\/450355155_1221449335701778_2840282230236081365_n-150x150.jpg 150w, https:\/\/csillaggyermek.hu\/wp-content\/uploads\/2024\/07\/450355155_1221449335701778_2840282230236081365_n-768x768.jpg 768w\" sizes=\"auto, (max-width: 1024px) 100vw, 1024px\" \/><\/figure>\n\n\n\n<p>\u00c9jf\u00e9l ut\u00e1n a gyerekeket hazak\u00eds\u00e9rt\u00e9k a sz\u00fcleik, s F\u00e1jdalom is elb\u00facs\u00fazott, nagy \u00e1s\u00edt\u00e1sok k\u00f6zepette. Csillagfi\u00fa azonban m\u00e9g sok\u00e1ig \u00fclt ott egyed\u00fcl, az Eget f\u00fcrk\u00e9szve. Addigra a f\u0171 is harmatoss\u00e1 v\u00e1lt.<\/p>\n\n\n\n<p>\u201eL\u0151rinc k\u00f6nnyei a F\u00f6ldre \u00e9rkeztek\u201d \u2013 sim\u00edtotta v\u00e9gig tenyer\u00e9vel a v\u00edzt\u0151l csillog\u00f3, z\u00f6ld p\u00e1zsitot \u00e9s arra gondolt, hogy a Vil\u00e1g csod\u00e1latos, ahol minden a hely\u00e9n van.<\/p>\n\n\n\n<p><em>Illusztr\u00e1ci\u00f3: Siker 2021. Bt.<\/em><\/p>\n\n\n\n<p><strong>Tov\u00e1bbi digit\u00e1lis mes\u00e9k a webshopb\u00f3l rendelhet\u0151k.<\/strong><\/p>\n\n\n\n<figure class=\"wp-block-gallery has-nested-images columns-default is-cropped wp-block-gallery-1 is-layout-flex wp-block-gallery-is-layout-flex\">\n<figure class=\"wp-block-image size-large\"><img loading=\"lazy\" decoding=\"async\" width=\"1024\" height=\"1024\" data-id=\"838\" src=\"https:\/\/csillaggyermek.hu\/wp-content\/uploads\/2024\/07\/csillagokanyja-1.jpg\" alt=\"\" class=\"wp-image-838\" srcset=\"https:\/\/csillaggyermek.hu\/wp-content\/uploads\/2024\/07\/csillagokanyja-1.jpg 1024w, https:\/\/csillaggyermek.hu\/wp-content\/uploads\/2024\/07\/csillagokanyja-1-300x300.jpg 300w, https:\/\/csillaggyermek.hu\/wp-content\/uploads\/2024\/07\/csillagokanyja-1-150x150.jpg 150w, https:\/\/csillaggyermek.hu\/wp-content\/uploads\/2024\/07\/csillagokanyja-1-768x768.jpg 768w\" sizes=\"auto, (max-width: 1024px) 100vw, 1024px\" \/><\/figure>\n\n\n\n<figure class=\"wp-block-image size-large\"><img loading=\"lazy\" decoding=\"async\" width=\"1024\" height=\"1024\" data-id=\"839\" src=\"https:\/\/csillaggyermek.hu\/wp-content\/uploads\/2024\/07\/rejtelyesszerk.jpg\" alt=\"\" class=\"wp-image-839\" srcset=\"https:\/\/csillaggyermek.hu\/wp-content\/uploads\/2024\/07\/rejtelyesszerk.jpg 1024w, https:\/\/csillaggyermek.hu\/wp-content\/uploads\/2024\/07\/rejtelyesszerk-300x300.jpg 300w, https:\/\/csillaggyermek.hu\/wp-content\/uploads\/2024\/07\/rejtelyesszerk-150x150.jpg 150w, https:\/\/csillaggyermek.hu\/wp-content\/uploads\/2024\/07\/rejtelyesszerk-768x768.jpg 768w\" sizes=\"auto, (max-width: 1024px) 100vw, 1024px\" \/><\/figure>\n\n\n\n<figure class=\"wp-block-image size-full\"><img loading=\"lazy\" decoding=\"async\" width=\"1024\" height=\"1024\" data-id=\"842\" src=\"https:\/\/csillaggyermek.hu\/wp-content\/uploads\/2024\/07\/451963010_461576803432941_5364821243413137311_n.jpg\" alt=\"\" class=\"wp-image-842\" srcset=\"https:\/\/csillaggyermek.hu\/wp-content\/uploads\/2024\/07\/451963010_461576803432941_5364821243413137311_n.jpg 1024w, https:\/\/csillaggyermek.hu\/wp-content\/uploads\/2024\/07\/451963010_461576803432941_5364821243413137311_n-300x300.jpg 300w, https:\/\/csillaggyermek.hu\/wp-content\/uploads\/2024\/07\/451963010_461576803432941_5364821243413137311_n-150x150.jpg 150w, https:\/\/csillaggyermek.hu\/wp-content\/uploads\/2024\/07\/451963010_461576803432941_5364821243413137311_n-768x768.jpg 768w\" sizes=\"auto, (max-width: 1024px) 100vw, 1024px\" \/><\/figure>\n\n\n\n<figure class=\"wp-block-image size-large\"><img loading=\"lazy\" decoding=\"async\" width=\"512\" height=\"640\" data-id=\"841\" src=\"https:\/\/csillaggyermek.hu\/wp-content\/uploads\/2024\/07\/keleeskola.jpg\" alt=\"\" class=\"wp-image-841\" srcset=\"https:\/\/csillaggyermek.hu\/wp-content\/uploads\/2024\/07\/keleeskola.jpg 512w, https:\/\/csillaggyermek.hu\/wp-content\/uploads\/2024\/07\/keleeskola-240x300.jpg 240w\" sizes=\"auto, (max-width: 512px) 100vw, 512px\" \/><\/figure>\n\n\n\n<figure class=\"wp-block-image size-full\"><img loading=\"lazy\" decoding=\"async\" width=\"1024\" height=\"1024\" data-id=\"843\" src=\"https:\/\/csillaggyermek.hu\/wp-content\/uploads\/2024\/07\/431014755_1961780550904739_846232992518279750_n.jpg\" alt=\"\" class=\"wp-image-843\" srcset=\"https:\/\/csillaggyermek.hu\/wp-content\/uploads\/2024\/07\/431014755_1961780550904739_846232992518279750_n.jpg 1024w, https:\/\/csillaggyermek.hu\/wp-content\/uploads\/2024\/07\/431014755_1961780550904739_846232992518279750_n-300x300.jpg 300w, https:\/\/csillaggyermek.hu\/wp-content\/uploads\/2024\/07\/431014755_1961780550904739_846232992518279750_n-150x150.jpg 150w, https:\/\/csillaggyermek.hu\/wp-content\/uploads\/2024\/07\/431014755_1961780550904739_846232992518279750_n-768x768.jpg 768w\" sizes=\"auto, (max-width: 1024px) 100vw, 1024px\" \/><\/figure>\n\n\n\n<figure class=\"wp-block-image size-large\"><img loading=\"lazy\" decoding=\"async\" width=\"1024\" height=\"1024\" data-id=\"852\" src=\"https:\/\/csillaggyermek.hu\/wp-content\/uploads\/2024\/07\/adventiangyalok.jpg\" alt=\"\" class=\"wp-image-852\" srcset=\"https:\/\/csillaggyermek.hu\/wp-content\/uploads\/2024\/07\/adventiangyalok.jpg 1024w, https:\/\/csillaggyermek.hu\/wp-content\/uploads\/2024\/07\/adventiangyalok-300x300.jpg 300w, https:\/\/csillaggyermek.hu\/wp-content\/uploads\/2024\/07\/adventiangyalok-150x150.jpg 150w, https:\/\/csillaggyermek.hu\/wp-content\/uploads\/2024\/07\/adventiangyalok-768x768.jpg 768w\" sizes=\"auto, (max-width: 1024px) 100vw, 1024px\" \/><\/figure>\n<\/figure>\n\n\n\n<p><em>A digit\u00e1lis mes\u00e9ket e-mailben k\u00fcldj\u00fck: Csillaggyermek \u2013 Csillagfi\u00fa \u00e9s az Adventi Angyalok, Csillaggyermek \u2013 Kele \u00e9s K\u00f3la a Hangok Kir\u00e1lys\u00e1g\u00e1ban, Csillaggyermek \u2013 Csillagfi\u00fa \u00e9s a H\u00fasv\u00e9t Angyala, Csillaggyermek \u2013 Csillagfi\u00fa \u00e9s a Rejt\u00e9lyes Szerkenty\u0171, Csillaggyermek \u2013 Csillagfi\u00fa \u00e9s a Csillagok Anyja, Csillaggyermek- Csillagfi\u00fa \u00e9s Szent L\u0151rinc k\u00f6nnyei. El\u00e9rhet\u0151k a webshopban, a digit\u00e1lis mes\u00e9k gombra kattint\u00e1ssal<\/em>: <a href=\"https:\/\/csillaggyermek.hu\/index.php\/megrendeles\/\">https:\/\/csillaggyermek.hu\/index.php\/megrendeles\/<\/a><\/p>\n","protected":false},"excerpt":{"rendered":"<p>Csillaggyermek &#8211; Csillagfi\u00fa \u00e9s Szent L\u0151rinc k\u00f6nnyei Csillagfi\u00fa azon a f\u0171szeres illat\u00fa ny\u00e1r\u00e9jszak\u00e1n \u00e9ppen az \u00e9desapja hatalmas, csendes k\u00f6nyvt\u00e1r\u00e1ban lapozgatott k\u00e9nyelmes karossz\u00e9k\u00e9ben egy sz\u00ednes k\u00e9pekkel teli k\u00f6nyvet a F\u00f6ld \u00e1llatair\u00f3l, amikor az ablakon kitekintve F\u00e1jdalmat pillantotta meg iparkodni valamerre. A h\u00f3na alatt \u00f6sszehajtott valamit vitt, a karj\u00e1n pedig egy fonott kos\u00e1r l\u00f3gott. Csillagfi\u00fa az ablakhoz&hellip; <a class=\"more-link\" href=\"https:\/\/csillaggyermek.hu\/index.php\/digitalis-mesek\/\"><span class=\"screen-reader-text\">Digit\u00e1lis mes\u00e9k<\/span> olvas\u00e1s\u00e1nak folytat\u00e1sa<\/a><\/p>\n","protected":false},"author":1,"featured_media":0,"parent":0,"menu_order":0,"comment_status":"closed","ping_status":"closed","template":"","meta":{"footnotes":""},"class_list":["post-836","page","type-page","status-publish","hentry","entry"],"_links":{"self":[{"href":"https:\/\/csillaggyermek.hu\/index.php\/wp-json\/wp\/v2\/pages\/836","targetHints":{"allow":["GET"]}}],"collection":[{"href":"https:\/\/csillaggyermek.hu\/index.php\/wp-json\/wp\/v2\/pages"}],"about":[{"href":"https:\/\/csillaggyermek.hu\/index.php\/wp-json\/wp\/v2\/types\/page"}],"author":[{"embeddable":true,"href":"https:\/\/csillaggyermek.hu\/index.php\/wp-json\/wp\/v2\/users\/1"}],"replies":[{"embeddable":true,"href":"https:\/\/csillaggyermek.hu\/index.php\/wp-json\/wp\/v2\/comments?post=836"}],"version-history":[{"count":26,"href":"https:\/\/csillaggyermek.hu\/index.php\/wp-json\/wp\/v2\/pages\/836\/revisions"}],"predecessor-version":[{"id":906,"href":"https:\/\/csillaggyermek.hu\/index.php\/wp-json\/wp\/v2\/pages\/836\/revisions\/906"}],"wp:attachment":[{"href":"https:\/\/csillaggyermek.hu\/index.php\/wp-json\/wp\/v2\/media?parent=836"}],"curies":[{"name":"wp","href":"https:\/\/api.w.org\/{rel}","templated":true}]}}