{"id":521,"date":"2022-08-18T09:20:00","date_gmt":"2022-08-18T09:20:00","guid":{"rendered":"https:\/\/csillaggyermek.hu\/?page_id=521"},"modified":"2023-11-29T14:43:26","modified_gmt":"2023-11-29T14:43:26","slug":"blog","status":"publish","type":"page","link":"https:\/\/csillaggyermek.hu\/index.php\/blog\/","title":{"rendered":"Var\u00e1zslatos sz\u00ednek"},"content":{"rendered":"\n<p>A ragyog\u00f3 \u00fcvegek, amelyek elvar\u00e1zsolt\u00e1k Csillagfi\u00fat<\/p>\n\n\n\n<figure class=\"wp-block-image size-large\"><img loading=\"lazy\" decoding=\"async\" width=\"1024\" height=\"768\" src=\"https:\/\/csillaggyermek.hu\/wp-content\/uploads\/2023\/11\/sajatkeszlet-1-1024x768.jpg\" alt=\"\" class=\"wp-image-694\" srcset=\"https:\/\/csillaggyermek.hu\/wp-content\/uploads\/2023\/11\/sajatkeszlet-1-1024x768.jpg 1024w, https:\/\/csillaggyermek.hu\/wp-content\/uploads\/2023\/11\/sajatkeszlet-1-300x225.jpg 300w, https:\/\/csillaggyermek.hu\/wp-content\/uploads\/2023\/11\/sajatkeszlet-1-768x576.jpg 768w, https:\/\/csillaggyermek.hu\/wp-content\/uploads\/2023\/11\/sajatkeszlet-1-1536x1152.jpg 1536w, https:\/\/csillaggyermek.hu\/wp-content\/uploads\/2023\/11\/sajatkeszlet-1-2048x1536.jpg 2048w, https:\/\/csillaggyermek.hu\/wp-content\/uploads\/2023\/11\/sajatkeszlet-1-1568x1176.jpg 1568w\" sizes=\"auto, (max-width: 1024px) 100vw, 1024px\" \/><figcaption class=\"wp-element-caption\">A k\u00e9szletben 123 sz\u00ednes egyens\u00faly\u00fcveg van, gy\u00f3gyn\u00f6v\u00e9nyekkel, sz\u00edn-\u00e9s \u00e1sv\u00e1nyi esszenci\u00e1kkal<\/figcaption><\/figure>\n\n\n\n<p>A sz\u00ednek, amelyeket Csillagfi\u00fa a k\u00fcl\u00f6nleges k\u00e9pess\u00e9g\u00e9vel l\u00e1t, az energetikai rendszer\u00fcnkh\u00f6z csatlakoznak \u00e9s legal\u00e1bb annyira jellemz\u0151k r\u00e1nk, mint mondjuk, a szem\u00fcnk sz\u00edne. Egy kicsivel az\u00e9rt t\u00f6bb, mert ezek a sz\u00ednek er\u0151s v\u00e9delmez\u0151ink \u00e9s vezet\u0151ink az \u00e9let\u00fcnk sor\u00e1n.<\/p>\n\n\n\n<p> Hogy kinek-melyik sz\u00ednre van sz\u00fcks\u00e9ge &#8211; ak\u00e1r egy izgalmas kalandhoz, vagy egyszer\u0171en &#8222;csak&#8221; a mindennapi feladataink teljes\u00edt\u00e9s\u00e9hez -, az egy tal\u00e1lkoz\u00f3 (a feln\u0151ttek \u00fagy mondj\u00e1k: konzult\u00e1ci\u00f3) keret\u00e9ben der\u00fcl ki, ahol a 123 darabos k\u00e9szletb\u0151l v\u00e1laszt a L\u00e9lek-Sz\u00edn-T\u00e9rbe \u00e9rkez\u0151 n\u00e9gyet. Ezek \u00fczenetei seg\u00edtenek meg\u00e9rteni Neked azt, hogy mi is t\u00f6rt\u00e9nik \u00e9ppen veled \u00e9s milyen ir\u00e1nyba lenne a sz\u00e1modra legmegfelel\u0151bb elindulni. A halad\u00e1sban pedig &#8211; ahogy Csillagfi\u00fanak is &#8211; az egyens\u00faly\u00fcvegek \u00e9s seg\u00edt\u0151ik (pomanderek, kvintesszenci\u00e1k) t\u00e1mogatnak, hogy a saj\u00e1t k\u00fcldet\u00e9sedben te legy\u00e9l a legnagyobb H\u0151s! <\/p>\n\n\n\n<p>Minderr\u0151l itt tal\u00e1lsz b\u0151vebb inform\u00e1ci\u00f3kat: <a href=\"http:\/\/www.lelek-szin-ter.hu\">http:\/\/www.lelek-szin-ter.hu<\/a> <\/p>\n\n\n\n<p>Ha k\u00e9szen \u00e1llsz egy \u00fajabb kalandra, amely most m\u00e1r a Te \u00e9letedben t\u00f6rt\u00e9nik, szeretettel v\u00e1runk a L\u00e9lek-Sz\u00edn-T\u00e9rbe!<\/p>\n\n\n\n<p class=\"has-text-align-center\" style=\"font-style:italic;font-weight:500\"><br>Itt megrendelheted a mesek\u00f6nyvet:<\/p>\n\n\n\n<p><\/p>\n\n\n\n<div class=\"wp-block-buttons is-content-justification-center is-layout-flex wp-container-core-buttons-is-layout-14c487f4 wp-block-buttons-is-layout-flex\">\n<div class=\"wp-block-button has-custom-font-size is-style-fill has-large-font-size\"><a class=\"wp-block-button__link has-background wp-element-button\" href=\"https:\/\/616995.myshoptet.com\/\" style=\"border-radius:40px;background-color:#fa0505\">Megrendelem&#8230;<\/a><\/div>\n\n\n<\/div>\n\n\n\n<figure class=\"wp-block-image size-full\"><img loading=\"lazy\" decoding=\"async\" width=\"675\" height=\"388\" src=\"https:\/\/csillaggyermek.hu\/wp-content\/uploads\/2023\/11\/uvegvalasztas.jpg\" alt=\"\" class=\"wp-image-695\" srcset=\"https:\/\/csillaggyermek.hu\/wp-content\/uploads\/2023\/11\/uvegvalasztas.jpg 675w, https:\/\/csillaggyermek.hu\/wp-content\/uploads\/2023\/11\/uvegvalasztas-300x172.jpg 300w\" sizes=\"auto, (max-width: 675px) 100vw, 675px\" \/><figcaption class=\"wp-element-caption\">Ezek az \u00fcvegek seg\u00edtett\u00e9k Csillagfi\u00fat a k\u00fcldet\u00e9se alatt. Szem\u00e9lyesen is megtekintheted, vagy ak\u00e1r ki is pr\u00f3b\u00e1lhatod \u0151ket, ha ell\u00e1togatsz Gy\u0151rbe, a L\u00e9lek-Sz\u00edn-T\u00e9rbe. Itt tudsz id\u0151pontot foglalni: <a href=\"http:\/\/www.lelek-szin-ter.hu\">http:\/\/www.lelek-szin-ter.hu<\/a><\/figcaption><\/figure>\n\n\n\n<p> <\/p>\n","protected":false},"excerpt":{"rendered":"<p>A ragyog\u00f3 \u00fcvegek, amelyek elvar\u00e1zsolt\u00e1k Csillagfi\u00fat A sz\u00ednek, amelyeket Csillagfi\u00fa a k\u00fcl\u00f6nleges k\u00e9pess\u00e9g\u00e9vel l\u00e1t, az energetikai rendszer\u00fcnkh\u00f6z csatlakoznak \u00e9s legal\u00e1bb annyira jellemz\u0151k r\u00e1nk, mint mondjuk, a szem\u00fcnk sz\u00edne. Egy kicsivel az\u00e9rt t\u00f6bb, mert ezek a sz\u00ednek er\u0151s v\u00e9delmez\u0151ink \u00e9s vezet\u0151ink az \u00e9let\u00fcnk sor\u00e1n. Hogy kinek-melyik sz\u00ednre van sz\u00fcks\u00e9ge &#8211; ak\u00e1r egy izgalmas kalandhoz, vagy egyszer\u0171en&hellip; <a class=\"more-link\" href=\"https:\/\/csillaggyermek.hu\/index.php\/blog\/\"><span class=\"screen-reader-text\">Var\u00e1zslatos sz\u00ednek<\/span> olvas\u00e1s\u00e1nak folytat\u00e1sa<\/a><\/p>\n","protected":false},"author":1,"featured_media":0,"parent":0,"menu_order":0,"comment_status":"closed","ping_status":"closed","template":"","meta":{"footnotes":""},"class_list":["post-521","page","type-page","status-publish","hentry","entry"],"_links":{"self":[{"href":"https:\/\/csillaggyermek.hu\/index.php\/wp-json\/wp\/v2\/pages\/521","targetHints":{"allow":["GET"]}}],"collection":[{"href":"https:\/\/csillaggyermek.hu\/index.php\/wp-json\/wp\/v2\/pages"}],"about":[{"href":"https:\/\/csillaggyermek.hu\/index.php\/wp-json\/wp\/v2\/types\/page"}],"author":[{"embeddable":true,"href":"https:\/\/csillaggyermek.hu\/index.php\/wp-json\/wp\/v2\/users\/1"}],"replies":[{"embeddable":true,"href":"https:\/\/csillaggyermek.hu\/index.php\/wp-json\/wp\/v2\/comments?post=521"}],"version-history":[{"count":16,"href":"https:\/\/csillaggyermek.hu\/index.php\/wp-json\/wp\/v2\/pages\/521\/revisions"}],"predecessor-version":[{"id":753,"href":"https:\/\/csillaggyermek.hu\/index.php\/wp-json\/wp\/v2\/pages\/521\/revisions\/753"}],"wp:attachment":[{"href":"https:\/\/csillaggyermek.hu\/index.php\/wp-json\/wp\/v2\/media?parent=521"}],"curies":[{"name":"wp","href":"https:\/\/api.w.org\/{rel}","templated":true}]}}