{"id":492,"date":"2022-08-15T12:46:21","date_gmt":"2022-08-15T12:46:21","guid":{"rendered":"https:\/\/csillaggyermek.hu\/?page_id=492"},"modified":"2024-10-06T12:30:16","modified_gmt":"2024-10-06T12:30:16","slug":"megrendeles","status":"publish","type":"page","link":"https:\/\/csillaggyermek.hu\/index.php\/megrendeles\/","title":{"rendered":"Megrendel\u00e9s"},"content":{"rendered":"\n<p>Itt megrendelheted a Csillaggyermek-Csillagfi\u00fa az elt\u0171nt sz\u00ednek nyom\u00e1ban \u00e9s a Csillaggyermek-Csillagfi\u00fa \u00e9s az elveszett kir\u00e1lys\u00e1g c\u00edm\u0171 mesek\u00f6nyvet, vagy a digit\u00e1lis mes\u00e9k valamelyik\u00e9t banki \u00e1tutal\u00e1ssal, vagy online fizet\u00e9ssel.<\/p>\n\n\n\n<div class=\"wp-block-buttons is-content-justification-center is-layout-flex wp-container-core-buttons-is-layout-16018d1d wp-block-buttons-is-layout-flex\">\n<div class=\"wp-block-button\"><a class=\"wp-block-button__link has-background wp-element-button\" href=\"https:\/\/616995.myshoptet.com\/\" style=\"border-radius:40px;background-color:#fb0101\">Megrendelem&#8230;<\/a><\/div>\n<\/div>\n\n\n\n<p><br>A Csillaggyermek mesek\u00f6nyv els\u0151 r\u00e9sze 4400 forintos, a m\u00e1sodik r\u00e9sz 4990 forintos \u00e1ron v\u00e1s\u00e1rolhat\u00f3 meg. Ez az \u00e1r az esetlegesen felmer\u00fcl\u0151 sz\u00e1ll\u00edt\u00e1si k\u00f6lts\u00e9get nem tartalmazza. Gy\u0151rben, Szombathelyen, Veszpr\u00e9mben, Balatonalm\u00e1diban \u00e9s Budapesten sz\u00e1ll\u00edt\u00e1si k\u00f6lts\u00e9g n\u00e9lk\u00fcl \u00e1tvehet\u0151.<\/p>\n\n\n\n<p>A digit\u00e1lis mes\u00e9ket e-mailben k\u00fcldj\u00fck: Csillaggyermek &#8211; Csillagfi\u00fa \u00e9s az Adventi Angyalok, Csillaggyermek &#8211; Kele \u00e9s K\u00f3la a Hangok Kir\u00e1lys\u00e1g\u00e1ban, Csillaggyermek &#8211; Csillagfi\u00fa \u00e9s a H\u00fasv\u00e9t Angyala, Csillaggyermek &#8211; Csillagfi\u00fa \u00e9s a Rejt\u00e9lyes Szerkenty\u0171, Csillaggyermek &#8211; Csillagfi\u00fa \u00e9s a Csillagok Anyja. El\u00e9rhet\u0151k a webshopban, a digit\u00e1lis mes\u00e9k gombra kattint\u00e1ssal.<\/p>\n\n\n\n<div class=\"wp-block-columns is-layout-flex wp-container-core-columns-is-layout-9d6595d7 wp-block-columns-is-layout-flex\">\n<div class=\"wp-block-column is-layout-flow wp-block-column-is-layout-flow\">\n<figure class=\"wp-block-image size-large\"><img loading=\"lazy\" decoding=\"async\" width=\"707\" height=\"1024\" src=\"https:\/\/csillaggyermek.hu\/wp-content\/uploads\/2024\/10\/received_543450898226667-1-707x1024.png\" alt=\"\" class=\"wp-image-900\" srcset=\"https:\/\/csillaggyermek.hu\/wp-content\/uploads\/2024\/10\/received_543450898226667-1-707x1024.png 707w, https:\/\/csillaggyermek.hu\/wp-content\/uploads\/2024\/10\/received_543450898226667-1-207x300.png 207w, https:\/\/csillaggyermek.hu\/wp-content\/uploads\/2024\/10\/received_543450898226667-1-768x1112.png 768w, https:\/\/csillaggyermek.hu\/wp-content\/uploads\/2024\/10\/received_543450898226667-1-1061x1536.png 1061w, https:\/\/csillaggyermek.hu\/wp-content\/uploads\/2024\/10\/received_543450898226667-1-1414x2048.png 1414w, https:\/\/csillaggyermek.hu\/wp-content\/uploads\/2024\/10\/received_543450898226667-1-1568x2271.png 1568w\" sizes=\"auto, (max-width: 707px) 100vw, 707px\" \/><\/figure>\n<\/div>\n\n\n\n<div class=\"wp-block-column is-layout-flow wp-block-column-is-layout-flow\">\n<figure class=\"wp-block-image size-full\"><img loading=\"lazy\" decoding=\"async\" width=\"885\" height=\"1024\" src=\"https:\/\/csillaggyermek.hu\/wp-content\/uploads\/2024\/10\/elsoresz.jpg\" alt=\"\" class=\"wp-image-898\" srcset=\"https:\/\/csillaggyermek.hu\/wp-content\/uploads\/2024\/10\/elsoresz.jpg 885w, https:\/\/csillaggyermek.hu\/wp-content\/uploads\/2024\/10\/elsoresz-259x300.jpg 259w, https:\/\/csillaggyermek.hu\/wp-content\/uploads\/2024\/10\/elsoresz-768x889.jpg 768w\" sizes=\"auto, (max-width: 885px) 100vw, 885px\" \/><\/figure>\n<\/div>\n<\/div>\n","protected":false},"excerpt":{"rendered":"<p>Itt megrendelheted a Csillaggyermek-Csillagfi\u00fa az elt\u0171nt sz\u00ednek nyom\u00e1ban \u00e9s a Csillaggyermek-Csillagfi\u00fa \u00e9s az elveszett kir\u00e1lys\u00e1g c\u00edm\u0171 mesek\u00f6nyvet, vagy a digit\u00e1lis mes\u00e9k valamelyik\u00e9t banki \u00e1tutal\u00e1ssal, vagy online fizet\u00e9ssel. A Csillaggyermek mesek\u00f6nyv els\u0151 r\u00e9sze 4400 forintos, a m\u00e1sodik r\u00e9sz 4990 forintos \u00e1ron v\u00e1s\u00e1rolhat\u00f3 meg. Ez az \u00e1r az esetlegesen felmer\u00fcl\u0151 sz\u00e1ll\u00edt\u00e1si k\u00f6lts\u00e9get nem tartalmazza. Gy\u0151rben, Szombathelyen, Veszpr\u00e9mben,&hellip; <a class=\"more-link\" href=\"https:\/\/csillaggyermek.hu\/index.php\/megrendeles\/\"><span class=\"screen-reader-text\">Megrendel\u00e9s<\/span> olvas\u00e1s\u00e1nak folytat\u00e1sa<\/a><\/p>\n","protected":false},"author":1,"featured_media":0,"parent":0,"menu_order":0,"comment_status":"closed","ping_status":"closed","template":"","meta":{"footnotes":""},"class_list":["post-492","page","type-page","status-publish","hentry","entry"],"_links":{"self":[{"href":"https:\/\/csillaggyermek.hu\/index.php\/wp-json\/wp\/v2\/pages\/492","targetHints":{"allow":["GET"]}}],"collection":[{"href":"https:\/\/csillaggyermek.hu\/index.php\/wp-json\/wp\/v2\/pages"}],"about":[{"href":"https:\/\/csillaggyermek.hu\/index.php\/wp-json\/wp\/v2\/types\/page"}],"author":[{"embeddable":true,"href":"https:\/\/csillaggyermek.hu\/index.php\/wp-json\/wp\/v2\/users\/1"}],"replies":[{"embeddable":true,"href":"https:\/\/csillaggyermek.hu\/index.php\/wp-json\/wp\/v2\/comments?post=492"}],"version-history":[{"count":28,"href":"https:\/\/csillaggyermek.hu\/index.php\/wp-json\/wp\/v2\/pages\/492\/revisions"}],"predecessor-version":[{"id":901,"href":"https:\/\/csillaggyermek.hu\/index.php\/wp-json\/wp\/v2\/pages\/492\/revisions\/901"}],"wp:attachment":[{"href":"https:\/\/csillaggyermek.hu\/index.php\/wp-json\/wp\/v2\/media?parent=492"}],"curies":[{"name":"wp","href":"https:\/\/api.w.org\/{rel}","templated":true}]}}